.
-6
Let r(m) = -26037*m - 78109. What is r(-3)?
2
Let m(y) = -y**3 - 3*y**2 - 23*y - 616. Determine m(-14).
1862
Let z(n) = -63*n**3 - 4*n**2 - 29*n - 49. Determine z(-2).
497
Let b(k) = 70*k**2 + 154*k - 742. What is b(5)?
1778
Let k(w) = 2361*w + 531222. Determine k(-225).
-3
Let y(k) = k**2 + 51669*k + 206680. Give y(-4).
20
Let v(d) = -d**3 + 19*d**2 + 76*d - 321. What is v(23)?
-689
Let l(j) = 455447*j + 5009907. Give l(-11).
-10
Let a(w) = -8755*w - 411574. What is a(-47)?
-89
Let f(r) = r**3 + 45*r**2 + 1782*r + 52456. Give f(-36).
-32
Let t(k) = -5*k**3 + 197*k**2 - 181*k + 4021. Determine t(39).
4
Let x(m) = 2*m**3 + 116*m**2 + 719*m + 425. Determine x(-51).
170
Let s(v) = -v**3 + 80*v**2 - 2*v + 168. What is s(80)?
8
Let n(x) = 3*x**3 + 138*x**2 + 14*x - 134. What is n(-46)?
-778
Let g(b) = -2*b**2 + 540*b + 9005. Determine g(-16).
-147
Let c(l) = 35*l**2 + 66*l + 336. Determine c(-5).
881
Let z(s) = -171*s - 2079. Calculate z(-21).
1512
Let x(t) = 29*t**2 + 10219*t + 3875. Give x(-352).
3
Let c(y) = 596*y**2 + 35170*y + 344. Calculate c(-59).
-10
Let c(g) = -82*g - 26411. Give c(-322).
-7
Let k(z) = -z**3 + 225*z**2 - 7555*z + 1916. Calculate k(184).
-108
Let c(g) = 31*g**2 - 1813*g - 541. What is c(58)?
-1411
Let u(j) = 34*j - 3743. Give u(118).
269
Let t(k) = 1732*k**2 + 5201*k - 5. Calculate t(-3).
-20
Let r(s) = -3*s**2 + 322*s + 18725. What is r(-45)?
-1840
Let w(k) = -348*k - 4425. Give w(-13).
99
Let o(n) = n**2 - 2082*n + 270046. Calculate o(139).
-31
Let w(a) = -6082*a + 42104. Calculate w(7).
-470
Let u(v) = -1287*v + 20645. Determine u(16).
53
Let d(t) = -3*t**2 + 100*t + 126060. Calculate d(-189).
-3
Let y(d) = -884*d**2 + 8837*d + 37. Determine y(10).
7
Let u(n) = -n**3 + 570*n**2 + 37112*n - 615. Calculate u(629).
14
Let t(l) = l**3 - 4*l**2 - 1630*l - 4847. What is t(-3)?
-20
Let p(s) = -s**3 + 135*s**2 - 2880*s + 66671. Determine p(115).
-29
Let o(v) = -98*v + 253. Calculate o(6).
-335
Let i(q) = 1831*q - 5464. Determine i(3).
29
Let a(u) = -u**3 - 7*u**2 - 7773*u - 23280. Determine a(-3).
3
Let x(c) = -28231*c + 37660174. What is x(1334)?
20
Let a(k) = -3*k**3 - 15*k**2 + 4900*k - 75. Give a(-43).
11
Let l(g) = 11053*g - 276343. What is l(25)?
-18
Let g(o) = 2003*o - 334504. Determine g(167).
-3
Let c(z) = -18*z**3 + 62*z**2 + 74*z + 100. Give c(6).
-1112
Let b(w) = 190*w + 36325. Calculate b(-191).
35
Let q(n) = -167039*n + 2505496. Calculate q(15).
-89
Let b(n) = 156*n + 35544. Give b(-228).
-24
Let g(d) = 3151*d + 21805. Calculate g(-7).
-252
Let n(z) = -4*z**3 - 59*z**2 + 76*z + 785. Calculate n(-15).
-130
Let b(k) = 271438*k + 8143166. What is b(-30)?
26
Let h(s) = -81917*s - 1064916. Give h(-13).
5
Let l(w) = -w**3 - 135*w**2 + 6782*w - 783. What is l(-174)?
-87
Let g(o) = -26*o**3 - 1475*o**2 + 399*o - 107. Give g(-57).
-107
Let b(q) = -q**2 - 1572*q - 262573. Determine b(-190).
7
Let q(t) = 2*t**2 - 280*t + 13608. Give q(76).
3880
Let t(h) = -1164*h**2 + 2497*h - 1347. Determine t(1).
-14
Let f(t) = -t**2 - 72232*t - 433364. Give f(-6).
-8
Let y(w) = 5*w**3 + 817*w**2 + 18083*w - 140. Give y(-137).
-3
Let q(v) = 687*v - 379. Give q(8).
5117
Let l(p) = -54356*p + 380456. What is l(7)?
-36
Let w(l) = -87*l - 8804. Calculate w(-102).
70
Let b(l) = 27972*l + 56195. Determine b(-2).
251
Let h(w) = 292*w + 15897. Determine h(-56).
-455
Let b(c) = 2*c**2 - 14*c - 5293. Determine b(-48).
-13
Let o(d) = d**3 - 315*d**2 + 2458*d - 631. Calculate o(307).
-17
Let n(y) = -501*y + 3954. Determine n(7).
447
Let y(k) = -3*k**2 - 10646*k - 1144740. Give y(-111).
3
Let f(d) = -7*d**3 + 88*d**2 - 297*d - 28. What is f(6)?
-154
Let g(j) = -68763*j + 3850720. What is g(56)?
-8
Let c(y) = 98*y**2 + 782*y - 8. Calculate c(-8).
8
Let f(o) = -19*o**2 + 2335*o + 306. Give f(123).
60
Let c(g) = 3*g**3 + 13*g**2 - 385*g - 2114. Give c(-6).
16
Let w(s) = 13*s**3 - 2*s**2 - 182*s + 9. What is w(0)?
9
Let b(h) = -8*h**2 - 457*h + 8810. Determine b(15).
155
Let v(h) = -35816*h - 71549. Give v(-2).
83
Let m(h) = 431*h - 85329. Calculate m(198).
9
Let l(n) = -460*n**2 + 2229*n + 453. What is l(5)?
98
Let h(o) = 232*o - 10001. Give h(40).
-721
Let l(d) = 3*d**2 + 49712*d - 796178. What is l(16)?
-18
Let c(m) = -4*m**2 + 690*m + 9943. Calculate c(-14).
-501
Let u(l) = -9*l**2 - 3450*l - 74583. What is u(-23)?
6
Let a(v) = 1536*v - 9475. Calculate a(6).
-259
Let v(r) = 74*r**2 + 3324*r + 14. Determine v(-45).
284
Let v(f) = 10*f**3 - 4*f**2 + 153*f - 1305. Calculate v(7).
3000
Let l(n) = -15199*n - 820392. Determine l(-54).
354
Let d(k) = -5*k**3 - k**2 + 141917*k - 141917. Determine d(1).
-6
Let j(d) = -d**3 - 1107*d**2 - 17444*d + 113. Calculate j(-16).
-79
Let r(a) = -a**3 + 11*a**2 + 16*a - 139. Calculate r(10).
121
Let u(k) = 1286*k + 5334. Give u(-3).
1476
Let p(k) = -777*k**2 - 185701*k + 478. Determine p(-239).
0
Let s(p) = 26*p - 522. Determine s(20).
-2
Let z(r) = r**2 - 211*r - 7645. Calculate z(-34).
685
Let x(r) = -r**3 + 59*r**2 - 12*r + 4226. Determine x(60).
-94
Let s(m) = -2*m**2 - 16894*m + 118358. Calculate s(7).
2
Let x(i) = -1597*i + 28742. What is x(18)?
-4
Let x(k) = 283228*k + 33987365. Give x(-120).
5
Let q(m) = -16*m + 2770. Determine q(54).
1906
Let r(l) = -862*l - 16665. Determine r(-19).
-287
Let g(o) = 141*o + 1037. Calculate g(-15).
-1078
Let a(x) = -5371*x - 48261. What is a(-9)?
78
Let r(w) = 21602*w + 3024274. Determine r(-140).
-6
Let n(c) = 14*c**2 - 152*c - 12496. Determine n(-25).
54
Let o(j) = -2782*j + 300532. Give o(108).
76
Let k(c) = 73*c**2 - 1734*c - 59292. Give k(-19).
7
Let i(k) = -4*k**2 + 2103*k - 233873. Give i(366).
1
Let s(h) = -296*h**2 + 11831*h + 295. Give s(40).
-65
Let a(p) = 55*p**2 + 487*p - 617. Calculate a(-10).
13
Let a(g) = -47*g**2 - 763*g + 1502. Give a(-18).
8
Let g(r) = 435*r - 1260. Give g(3).
45
Let p(w) = w**3 - 92*w**2 - 5*w + 671. Determine p(92).
211
Let m(c) = -63*c**2 - 1236*c + 98. Determine m(-21).
-1729
Let o(i) = 2*i**3 + 354*i**2 + 380*i + 67279. Determine o(-177).
19
Let a(t) = 2*t**2 + 161*t + 3041. What is a(-50)?
-9
Let r(l) = 35*l - 2061. Determine r(57).
-66
Let o(j) = 4*j**2 + 218*j - 98. What is o(-58)?
714
Let n(b) = -18*b**2 + 8646*b + 34590. What is n(-4)?
-282
Let i(a) = -110*a**3 - 233*a**2 - 185*a - 365. Calculate i(-2).
-47
Let p(h) = 110*h + 15947. Determine p(-145).
-3
Let v(c) = -2*c**3 + 47*c**2 - 15*c - 195. Calculate v(23).
-11
Let z(t) = t**3 - 155*t**2 - 11283*t - 627. Determine z(209).
0
Let a(t) = -123*t - 9566. Calculate a(-73).
-587
Let g(t) = -t**2 - 1064*t - 274711. Calculate g(-441).
32
Let v(x) = -201*x + 40. Calculate v(3).
-563
Let m(b) = -2*b**2 - 634*b + 14908. Calculate m(-339).
-8
Let p(v) = -300346*v + 1201382. Give p(4).
-2
Let j(i) = -2*i**2 + 438*i + 12741. Calculate j(245).
1
Let k(g) = g**3 - 80*g**2 + 350*g - 9160. Determine k(77).
3
Let v(t) = -2*t**3 - 684*t**2 - 682*t - 337. What is v(-341)?
-337
Let l(u) = -u**3 + 16*u**2 - 85*u + 55. Calculate l(8).
-113
Let p(a) = -a**2 - 156*a - 6111. Calculate p(-88).
-127
Let y(q) = 246211*q - 738625. Calculate y(3).
8
Let b(f) = -37*f**2 - 650*f - 187. Calculate b(-20).
-1987
Let t(u) = 4*u**3 - 440*u**2 - 890*u - 703. Determine t(112).
-31
Let s(d) = -61*d + 2873. Give s(41).
372
Let w(x) = 4*x**3 + 109*x**2 - 64*x - 534. Determine w(-29).
-4565
Let l(q) = q**2 - 12321*q - 333395. Give l(-27).
1
Let f(a) = -2*a**2 - 377*a + 4719. Determine f(14).
-951
Let p(c) = 8*c**3 + 546*c**2 - 21309*c + 288. What is p(-96)?
0
Let f(i) = -25*i**2 - 3071*i - 21442. Determine f(-7).
-1170
Let f(j) = 209*j - 1528. Calculate f(6).
-274
Let z(h) = -2241*h - 24858. Give z(-11).
-207
Let u(h) = -5*h**3 - 73*h**2 - 312*h - 39. What is u(-9)?
501
Let v(c) = 1631*c - 1694. Give v(1).
-63
Let y(v) = -10*v**2 - 324*v + 8820. Calculate y(-50).
20
Let c(q) = -286434*q - 859289. Calculate c(-3).
13
Let b(j) = -2*j**2 - 501*j - 3598. Calculate b(-7).
-189
Let i(f) = -142*f**2 + 1564*f - 21. Determine i(11).
1
Let q(a) = -2558*a + 5750. Calculate q(2).
634
Let l(m) = -4153*m - 21445. Calculate l(-5).
-680
Let n(v) = -45*v**2 + 291*v - 1089. Determine n(4).
-645
Let j(d) = d**3 + 30*d**2 - 537*d - 2130. What is j(15)?
-60
Let x(w) = 7*w**2 - 36*w - 3771. Give x(26).
25
Let u(k) = -2759*k - 3277. Calcula